pose -2*i + 377 = 8*b - 3*b, 5*b - 381 = -i. Calculate the remainder when b is divided by 20.
17
Suppose 6*l - 80 = 2*l. Suppose -l = -5*k - 0*k. Calculate the remainder when k is divided by 2.
0
Let u = -16 - -21. Calculate the remainder when u is divided by 3.
2
Let c(h) = -5*h**3 + h**2 + 2*h - 1. What is the remainder when c(-3) is divided by 35?
32
Let c be (-1)/(-2) - (-57)/6. Calculate the remainder when (c - 0)*(4 - 0) is divided by 21.
19
Let q(i) = -i**3 - 4*i**2 - 5*i. Let u = 5 + -2. Calculate the remainder when q(-3) is divided by u.
0
Let r = -20 + 31. Suppose -n + 5*f + 4 = 0, 5*n - f - 20 = 2*f. What is the remainder when r is divided by n?
3
Let k be 1 - ((-3)/1 - -1). Suppose -k*n - 3 + 6 = 0. Suppose 0 = -3*j - 0 + 3. What is the remainder when n is divided by j?
0
Let a(o) = -2*o**2 - 40*o + 26. Calculate the remainder when a(-19) is divided by 27.
10
Suppose -62 = -3*r + 76. What is the remainder when r is divided by 12?
10
Calculate the remainder when 9/(-2)*16/(-8) is divided by 6.
3
Let v = 93 + -85. Calculate the remainder when 62 is divided by v.
6
Let p = -21 - -39. Let v(s) = 10*s + 4. Let q be v(-1). Calculate the remainder when (p/4)/(q/(-12)) is divided by 3.
0
Let j(l) = l + 5. Let b be j(5). Suppose -i - 4*p + b = 0, -4*i + 9*i + p = 88. What is the remainder when 34 is divided by i?
16
Suppose 0 = 9*g - 7*g - 178. Calculate the remainder when g is divided by 13.
11
Let m(w) = w**3 + 4*w**2 - 5*w + 7. Let z be m(-6). Calculate the remainder when (-203)/z*(-10)/(-2) is divided by 8.
5
Let c = -79 + 157. Suppose 0 = 3*j - 2 - 58. Calculate the remainder when c is divided by j.
18
Let o(f) = -f + 7. What is the remainder when (21 + -4 + 2)/1 is divided by o(0)?
5
Let j be -1 - (6/(-2) + 4). What is the remainder when (-8 + 4/j)/(-2) is divided by 2?
1
Suppose -5*r + 1 = 4*i - 6, -4*i = -5*r - 17. Let x = i - 1. Let t = -1 + 4. Calculate the remainder when t is divided by x.
1
Let s be 182/35 - 1/5. Suppose -3*o - 3*i = -39, -s*o = -o - 4*i - 12. What is the remainder when o is divided by 3?
2
Let v = 117 + -48. Calculate the remainder when v is divided by 18.
15
Calculate the remainder when ((-2)/1)/((-1)/139*2) is divided by 36.
31
Let g(z) = -z**3 - 5*z**2 + 5. Calculate the remainder when (-162)/(-12) + -6 + 1/(-2) is divided by g(-5).
2
Let p = -205 + 216. What is the remainder when 85 is divided by p?
8
Let x(g) = g. Let u(f) = -2*f + 1. Let v(a) = -4*u(a) - 4*x(a). Suppose 5*q - 17 + 2 = 0. What is the remainder when 13 is divided by v(q)?
5
Suppose 3*n - 4*u = 74, -4*u = 2*n - 3*u - 53. Suppose -2*y = -3*l + 25 + 2, 0 = 2*l + 3*y - 5. Calculate the remainder when n is divided by l.
5
Let b = 2 + 0. Calculate the remainder when 6 is divided by b.
0
Let k = 60 + -29. Let z(u) = -4*u. Let d(l) = 2*l + 8. Let v be d(-6). Calculate the remainder when k is divided by z(v).
15
Let r(b) = -3*b**2 + b. Let k be r(-2). Let u be 9/(-6)*(-14)/1. What is the remainder when 10 is divided by (-52)/k - (-6)/u?
2
Suppose 2*n - 3*t - 45 = -n, 17 = n + t. What is the remainder when 29 is divided by n?
13
Suppose -3*u + 6*u - 36 = 0. What is the remainder when 45 is divided by u?
9
Suppose 5*c - 770 = 245. Let r(l) = -146*l + 1. Let p be r(-1). Suppose -3*o + 3*n = 4*n - p, -4*o + n + c = 0. What is the remainder when o is divided by 17?
16
Suppose 19 - 27 = -2*v. What is the remainder when v is divided by 4?
0
Let b = -92 + 117. What is the remainder when b is divided by 7?
4
Let z be (3/(-3))/(1/1). Let h be 0 - 8 - (0 + z). Let o = 11 + h. Calculate the remainder when 11 is divided by o.
3
Suppose 2*i - 62 = -0*i. Calculate the remainder when i is divided by 8.
7
What is the remainder when ((-20)/15)/((-4)/78) is divided by ((-21)/9 - -2)*-21?
5
Let q(s) = -s**2 + 10*s + 5. Let k be q(8). Let f = k - -14. Calculate the remainder when f is divided by 12.
11
Let j(s) = 4*s + 4. Suppose -f - 4 = -2*f. Suppose v - f*u = -7*u + 70, -v + 54 = -u. What is the remainder when v is divided by j(4)?
18
Let u = 9 - 5. Let s be (4/5)/(6/(-30)). Calculate the remainder when (-3 - s) + 1 + 4 is divided by u.
2
Suppose 42 = 5*d - 3*d. Calculate the remainder when 82 is divided by d.
19
Let g be 19/(-2)*2 - -2. Let p = g + 30. What is the remainder when 24 is divided by p?
11
Let i be (-62)/(-22) + 6/33. Calculate the remainder when (4 + -1 - i) + 2 is divided by 1.
0
Let m(k) = 50*k + 6. Calculate the remainder when m(2) is divided by 36.
34
Suppose 54 = -2*x - x. Let t be (-32)/x + 8/36. Suppose -4 - 20 = -t*f. Calculate the remainder when 34 is divided by f.
10
Suppose -o - 3*l + 45 = 0, 0 = 2*o + 2*o - 4*l - 164. Calculate the remainder when o is divided by (-15)/6*(-2 + -4).
12
Let h = -71 - -100. Calculate the remainder when h is divided by 15.
14
Suppose 0*q - 3*q - 51 = 0. Let k = q - -27. What is the remainder when 19 is divided by k?
9
What is the remainder when ((-2)/(-6))/(1/105) is divided by 26?
9
Let h(j) = -2*j**3 + j**2 + j. Let t be h(-1). Let i(b) = b**2 - t*b + 1 + 6 - 4. What is the remainder when i(2) is divided by 2?
1
Let t = 79 - 55. Calculate the remainder when 71 is divided by t.
23
Let d = 37 - -3. Calculate the remainder when 153 is divided by d.
33
Let y(a) be the first derivative of a**2 - 3*a - 1. Let i be (-2)/((-6)/9) + 1. What is the remainder when y(i) is divided by 2?
1
Suppose -19 + 51 = 4*l. What is the remainder when 13 is divided by l?
5
Suppose -5*b + 83 = 2*p, -4*p + 2*b = -0*b - 130. Calculate the remainder when p is divided by 18.
16
Suppose 6*r = r - 90. Suppose 4*u = 4*l + 5 + 11, 4*l + 11 = 3*u. What is the remainder when u is divided by (-4)/2*r/12?
2
Let v(t) = -1 + 5 - 3*t**2 + 4*t**2 + 0. Let p = -5 + 7. What is the remainder when v(0) is divided by p?
0
Let u(w) = w**3 - 6*w**2 + w + 5. Suppose -l - 4*l + 160 = 0. Suppose h + 0 = l. What is the remainder when h is divided by u(6)?
10
Let x = 13 - 8. Suppose -x*n = -2*l - 472, -l + 0*l = 2*n - 187. Calculate the remainder when n is divided by 19.
18
Let t = -440 - -291. Let f = t + 286. What is the remainder when f is divided by 35?
32
Let u(d) = -38*d**3. What is the remainder when u(-1) is divided by 20?
18
Let f(b) = 132*b + 1. Suppose 0 = -3*x - 2*x - 3*j - 7, -5*x - 5*j - 15 = 0. Let k be f(x). Suppose k = 3*n + 31. What is the remainder when n is divided by 12?
10
Suppose -3*d = d + 12, -5*p + 54 = -3*d. What is the remainder when 2/(-12) - 2985/(-90) is divided by p?
6
Suppose 6*z - 3*z + 189 = 4*w, 4*w + 2*z = 214. What is the remainder when w is divided by 9?
6
Suppose -5*y + 134 = 2*p - 66, -4*y = -p - 173. Suppose 38 = 4*u - d, -4*u + 2*d + d + y = 0. Calculate the remainder when u is divided by 6.
3
Let d(q) = q + 12. Let w = -8 - -12. Suppose -20 = -4*b + w*p, b - 3*p - 15 = 3*b. Calculate the remainder when 22 is divided by d(b).
10
Let i be (1 - 3) + 24/6. Suppose 0 = 2*g - 4*g - n + 22, -3*g + i*n = -26. What is the remainder when 38 is divided by g?
8
What is the remainder when 17 is divided by (-9)/((-270)/156) + 8/10?
5
Let m = 58 + -45. What is the remainder when 23 is divided by m?
10
Let h = -8 + 12. Let v = 9 - h. Suppose -22 = -3*b + v. What is the remainder when 24 is divided by b?
6
Suppose -5 = -4*f + 7. Suppose b = -f*b + 216. What is the remainder when (b + -2)*(-1)/(-2) is divided by 9?
8
Suppose 0 = -q - 2*n - 2, -4*n + 17 + 3 = 5*q. Calculate the remainder when ((-66)/8)/((-3)/8) is divided by q.
6
Suppose 0 = 2*f - q - 79, -4*f + 4*q = -206 + 50. What is the remainder when 77 is divided by f?
37
Let o = -92 + 124. Calculate the remainder when 158 is divided by o.
30
Suppose 5*f = -4*c + 427, 6*c - 4*c = 3*f + 219. Suppose 3*v - c = v. Calculate the remainder when v is divided by 28.
26
Suppose 5*y - 81 = 64. Suppose 5*r + 1 = 11. Suppose 20 = j - 5*v, 11 = 5*j - r*v - 43. Calculate the remainder when y is divided by j.
9
Let b(y) be the third derivative of 7/6*y**3 + 1/120*y**6 + 2*y**2 + 1/24*y**4 + 0 - 1/10*y**5 + 0*y. Calculate the remainder when b(6) is divided by 7.
6
Calculate the remainder when 14 - (-3 + (0 - -3)) is divided by 5.
4
Let c = 15 - 1. Let w(m) = -7*m**2 - 8*m + 12. Let n(q) = -6*q**2 - 8*q + 12. Let u(a) = -6*n(a) + 5*w(a). What is the remainder when c is divided by u(-10)?
6
Supp